 46/(-4). What is the units digit of (-13)/(-3) + -2 + y/(-36)?
2
Let a(s) = s. Let z be a(5). Suppose n = 3*f + 19, f = z*n + 2*f - 47. What is the tens digit of n?
1
Let w = 49 + -63. What is the units digit of w + 17 - -2*37?
7
Suppose 1051*t - 24720 = 1039*t. What is the tens digit of t?
6
Let h(a) be the third derivative of -a**4/24 + 5*a**3/6 - 3*a**2. Let w be h(3). Suppose c + 0*f = w*f + 23, 4*f = -c + 41. What is the tens digit of c?
2
Suppose -2*k + 0*k - 431 = -3*n, -4*n = 5*k - 613. Suppose -n = -5*w + 33. Suppose -24*s + 20*s + w = 0. What is the units digit of s?
9
Let s(p) = 4*p + p + 4 + 8*p**2 - 1. Let c be s(-3). Suppose 0 = 4*u + 20, 0*x + c = 3*x + 3*u. What is the units digit of x?
5
Let q be (54/3)/(-6) + (0 - -3). What is the units digit of 86 - (q - (3 + -7))?
2
Suppose -25*q + 57165 + 31235 = 0. What is the hundreds digit of q?
5
Let b = -16 - -43. Let u = b + 37. What is the tens digit of u?
6
Let i(j) = -20*j**3 - 72*j**2 - 12*j + 93. Let t(l) = 7*l**3 + 24*l**2 + 4*l - 31. Let h(x) = 6*i(x) + 17*t(x). What is the tens digit of h(-24)?
2
Let j = -49 - -185. Let s = j - 83. What is the tens digit of s?
5
Suppose -9*i + 16 = -5*i. Suppose -5*w - i*r + 10 + 239 = 0, 2*w - 5*r - 126 = 0. What is the tens digit of w?
5
What is the units digit of -3*(-4)/((-48)/(-1052))?
3
Let l = -9 + 13. Suppose -l*f = -23 - 173. What is the tens digit of f?
4
Suppose -544 = -4*s + 44. What is the tens digit of s?
4
Suppose -51*j + 47*j + 3*g = -1351, 0 = -5*j - g + 1684. What is the units digit of j?
7
Let z(v) = 5145*v**3 + 2*v**2 - 6*v + 4. What is the units digit of z(1)?
5
Suppose 4*j + 43 = 263. What is the tens digit of j?
5
Suppose 9*r = 2*r + 21. Suppose 33 = 2*o - r. What is the tens digit of o?
1
Let x(d) = 52*d + 358. What is the hundreds digit of x(23)?
5
Suppose -2*f - 6 = -0*f. Let l be 2/f*(14 - -4). What is the units digit of l/(-1)*(-3)/(-6)?
6
Let d = -295 + 949. What is the tens digit of d?
5
Suppose 2*y = 2, -y - 987 = -2*o - 0*y. What is the units digit of o?
4
Let k(c) = c**3 + 14*c**2 - 18*c + 13. Let p be k(-15). Suppose 8*d + p = 9*d. What is the units digit of d?
8
Let v = -1719 - -2980. What is the hundreds digit of v?
2
Suppose 3048 = 2*o + 2*o. What is the hundreds digit of o?
7
Let r(a) = -3*a + 2*a**3 - 2*a**2 - a**3 - 2*a**3 + 3 + 6*a. Let d be r(-3). Suppose -2*n + n - 194 = -5*t, -d*t - n + 118 = 0. What is the units digit of t?
9
Suppose 4*f - 2*k = 17026, -3*f - 2*k + 3922 = -8830. What is the hundreds digit of f?
2
Suppose 2*g + g - 81 = 0. Let n be 6/(-21) + -2*(-303)/14. Let f = n + g. What is the tens digit of f?
7
Let w = -10 - -57. Let f = 65 - w. What is the tens digit of f?
1
Let a(j) = 237*j - 240. What is the thousands digit of a(7)?
1
Let j(z) = 4*z. Let t = -7 - -5. Let w be j(t). Let y = w + 38. What is the units digit of y?
0
Let x = 394 - 29. What is the hundreds digit of x?
3
What is the tens digit of 729 + 11 + -11 + (-5)/(-1)?
3
Let d be -2 - (-2 + (-1 - 0)). Let p be 12/(-30) + 216/15. What is the units digit of (d + 0)*(p - -1)?
5
Suppose -2*r = -r - 2*q - 4, -3*q - 1 = r. Suppose -l - r*m - 7 = 0, -3*l - 2*m - 6 = m. Suppose l*b = 5*b - 16. What is the units digit of b?
8
Let v = -120 + -16. Let q = 196 + v. What is the units digit of q?
0
Let l(y) = 761*y - 788. What is the tens digit of l(5)?
1
Let v(o) be the second derivative of -o**3/3 + 19*o**2/2 + 3*o. Let q be 1*(-9 - 3 - 1). What is the units digit of v(q)?
5
Suppose w + 32 = -5*g, -w + 4*g + 12 = -1. Let h be (-1)/(-1)*(w - -7). Suppose -4*v - 57 = -7*v - 5*c, h = -3*v + 3*c + 81. What is the tens digit of v?
2
Let k = -25 + 25. Suppose v + k*v = 2, -13 = l + v. What is the tens digit of (-80)/6*54/l?
4
Suppose 4*k + u - 30 = 2*u, -u = -5*k + 37. Suppose 5*q + o = k, -4*q = 3*o - 1 + 2. Suppose 0 = q*s - 3*s + 17. What is the tens digit of s?
1
Let o = -20 + 20. Suppose o = -0*c - 4*c + 184. Let i = -14 + c. What is the units digit of i?
2
Suppose 2*v + 3*a + 107 - 879 = 0, 2*v - 796 = 3*a. Let b = -195 + v. What is the units digit of b?
7
Let t(a) = -a + 3. Let m be t(1). Suppose -58 = -m*r + 46. What is the units digit of r?
2
Suppose 702 = 10*l - 8*l. What is the tens digit of l?
5
Suppose 3479 + 7784 = 7*t. What is the tens digit of t?
0
Let y = -22 - -21. What is the tens digit of y/(4/20)*-23?
1
Let b = 93 + -33. What is the units digit of (36/14)/(1 + b/(-63))?
4
Let k(u) = 10*u**2 - 4*u - 1. Let n = 8 - 7. Suppose 3*o - n - 5 = 0. What is the tens digit of k(o)?
3
Let z = 1988 + 206. What is the tens digit of z?
9
Let t = 58 + -34. Suppose -5*p = 2*q + t, 5*p - 61 = -3*q + 6*q. Let l = -10 - q. What is the units digit of l?
7
Let q(a) = a**2 + 2*a - 1. Let b be q(1). Suppose b = 3*m - 1. What is the units digit of 4/(-16)*m*-4?
1
Let g = -309 + 738. Suppose -c + 4*c - g = 0. What is the hundreds digit of c?
1
Let m(f) = -170*f - 111. What is the hundreds digit of m(-9)?
4
Suppose 22*m - 12195 = 32509. What is the units digit of m?
2
Let k = 619 - -143. What is the hundreds digit of k?
7
Suppose 5*h + 25 = 5*u, -u + 2*u + 2*h = -10. Let a be u/9 - (-64 - 0). Suppose -a + 20 = -2*g. What is the tens digit of g?
2
Let b = -169 - -170. What is the units digit of b?
1
What is the hundreds digit of (-184652)/(-572) + 1/((-11)/(-2))?
3
Suppose 3*q + 16 = 2*q. Let t be 7/((-63)/(-12))*24. Let g = t + q. What is the units digit of g?
6
Let o(d) = -d**2 + 1. Let h(x) = -x**2 - 2*x - 136. Let q(v) = -h(v) + 2*o(v). What is the hundreds digit of q(0)?
1
What is the thousands digit of (-2)/(-2) + 593*(1 - -2)?
1
Let k(w) = 8*w**2 + 2*w - 8. Suppose -4*f + 4 = 3*u, -18 = -5*u + 2*u + 3*f. What is the units digit of k(u)?
8
Suppose 3*h - 481 - 212 = 0. What is the units digit of h?
1
Let w = -8 - -4. Let d be (-8)/3 + w/(-6). Let q(o) = o**3 + 3*o**2 + o + 1. What is the units digit of q(d)?
3
Suppose 5975 - 37241 = -18*i. What is the units digit of i?
7
Let s = -340 - -133. What is the tens digit of ((-3)/9)/(1/s)?
6
Let i(r) = r**3 + 11*r**2 + 9*r + 2. Let f be i(-10). Let h be (-754)/f + 8/(-48). What is the tens digit of (26/(-3))/(7/h)?
7
Suppose 3*w - 2346 = -0*x + 3*x, 0 = 3*w - 5*x - 2344. What is the tens digit of w?
8
Let v(y) = 23*y**2 + y + 2. Suppose 0 = -2*m + 3*p - 2, 0*m + 4*p = 3*m + 3. What is the units digit of v(m)?
4
Let j = 87 + -212. Let z = j - -232. What is the hundreds digit of z?
1
Suppose 57 = -k + 5*l, 5*k + 2*l = -0*k - 366. Let w = k + 80. What is the units digit of w?
8
Let n = 1310 + -872. What is the tens digit of n?
3
Let b(f) = 18*f - 58. What is the hundreds digit of b(9)?
1
Let l be (-2 + 1)*-1 - 8. What is the units digit of ((-22)/l)/(2/14)?
2
Suppose -g - 215 = 3*n - 7522, -2*n + 4853 = -3*g. What is the tens digit of n?
3
Let l(v) = 4*v**3 + 8*v**2 + 9*v + 3. Let i be l(-4). Let d = 290 + i. What is the hundreds digit of d?
1
Suppose -3686 = -3*u - 2*j, -4*u = -u - 5*j - 3721. What is the units digit of u?
2
Let w = 12 + -11. Let r = w - -53. What is the units digit of r?
4
Suppose 3*t = t - 32. Let d = -9 - t. What is the units digit of 2/d - 94/(-14)?
7
Suppose -110*p = -19*p - 172445. What is the thousands digit of p?
1
Let f(m) = -2*m - 12. Let q be f(-12). Let v be 5/(-4) + 3/q. What is the units digit of (-45)/(-2) + v/2?
2
Let s(y) = -y - 5. Let t be s(-8). Suppose -5*q = -g - 23, g = t*g + 6. Suppose -q*n + 5*z + 26 = 0, 0 = 2*z - 5*z + 6. What is the units digit of n?
9
What is the tens digit of 20/130 - (-9488)/13?
3
Let g = 1430 - 690. Suppose -11*r = -7*r - g. What is the tens digit of r?
8
Let k = 3 - 2. Suppose -k = -m + 4. Suppose -v = -m*y + 23, 5*y - 32 = 6*v - 2*v. What is the units digit of y?
4
Let b = 236 - 136. Suppose -5*c = -4*k + 173, -4*k + 3*c + b = -79. Let t = -30 + k. What is the units digit of t?
7
Let h(j) = -13*j + 2. Let n be h(-1). Suppose -4*w = -n*w + 1100. What is the hundreds digit of w?
1
Let v(q) = 27*q**2 + q - 1. Suppose 0 = -10*b + 14*b + 8. What is the hundreds digit of v(b)?
1
Suppose 2*c = 2 - 4, 3*c - 297 = -5*u. What is the units digit of u?
0
Let q(r) = 255*r + 26. Let v be q(-6). What is the units digit of v/(-20) + (-12)/(-15)?
6
Let i(m) = -m**3 - 6*m**2 - 6*m - 6. Let k be i(-5). Let h(p) = -97*p - 4. What is the units digit of